rd derivative of -1/24*j**4 + 0 + 0*j - 2/3*j**3 - 7*j**2. What is o(-3)?
-1
Let m(w) = -3*w**2 + 7*w**2 - 6 - 2*w + w**3 + 0*w**2 + 2*w**2. Let y(u) = -u**3 - 9*u**2 + 4*u + 30. Let c be y(-9). What is m(c)?
6
Let n be (-12)/5 - 4/(-10). Let h(k) be the first derivative of k**4/2 - 3*k**2/2 - k + 846. What is h(n)?
-11
Let k(i) = -3*i**2 + 14*i + 11. Let h be k(5). Let c(t) = t - 10. Determine c(h).
-4
Let t(m) be the first derivative of -5/3*m**3 - 3*m + 7/2*m**2 - 1/4*m**4 + 7. Determine t(-6).
-9
Let t(q) = -q**3 - 4*q**2 + 2*q - 5. Let a(w) = w**3 + 5*w**2 - w + 6. Let o(j) = 2*a(j) + 3*t(j). Let l = -17 - -20. Let v = -1 + l. Determine o(v).
-11
Let k(n) be the second derivative of 7*n + 2*n**2 - 1/6*n**3 + 0. Let d be (-10 + (2 - 2))/(-2). Calculate k(d).
-1
Let u(f) = 2*f**3 - 7*f**2 + 14*f - 10. Let g(i) = i**3 - 3*i**2 + 6*i - 5. Let k(l) = -5*g(l) + 2*u(l). Calculate k(0).
5
Let c(i) be the second derivative of -i**7/2520 + i**6/240 + 7*i**5/120 - i**4/4 + 7*i. Let k(n) be the third derivative of c(n). Calculate k(6).
-11
Let p(n) be the third derivative of 0 + 7/120*n**5 - 1/12*n**4 - 5/6*n**3 + 3*n**2 - 1/360*n**6 + 0*n. Let q(i) be the first derivative of p(i). What is q(5)?
8
Let y(x) = 10*x**2 - 41*x - 2. Let a be y(4). Let g(w) = 1 + 6 - w**2 - 3 + 2*w - 10*w. What is g(a)?
16
Let d(w) = 2 + 1 + 215*w - 216*w. Let c(a) = a**2 + 7*a + 2. Let n be c(-7). Determine d(n).
1
Let x(j) = -17*j + 2. Suppose 2*m = 5 + 21. Let i(n) = 10*n + 1. Let q(l) = 21*l + 3. Let v(y) = 5*i(y) - 2*q(y). Let h(o) = m*v(o) + 6*x(o). Give h(4).
7
Let p(f) = -f**2 + 0*f**2 - 607*f + 599*f. What is p(-7)?
7
Let p(w) = -w**2 - 11*w - 10. Suppose -2*b - 5 = -4*a - 1, -3*b + 2*a + 2 = 0. Let x be (b - 7)/(-10)*-14. Calculate p(x).
18
Let t(h) = -h - 1. Let p(m) = 4*m**2 - m**3 - 8 + m**2 - 7 + 8*m + 3. Let g be p(6). Calculate t(g).
-1
Let x = -17 - -22. Let s(h) = -995*h**2 + x*h - 3*h + 1 + 993*h**2 - h**3. Calculate s(-2).
-3
Let f(h) = 2*h**3 - 4*h**2 + 3*h - 1. Suppose 20 = 4*a, -4*y + 3*y - 3*a = -17. Determine f(y).
5
Let k(l) = 2*l + 2. Let w = -21 + 2. Let v = w + 15. Calculate k(v).
-6
Let y(i) be the third derivative of 0 + 9*i**2 - 11/24*i**4 - 1/6*i**3 + 0*i. Calculate y(-1).
10
Let q(x) be the third derivative of x**5/60 - x**4/24 - 2*x**3/3 - 1971*x**2. Let f be 0/((-3)/(6/4)). What is q(f)?
-4
Let t(v) be the second derivative of -v**4/24 - 7*v**3/3 + 10*v**2 + 2*v. Let i(b) be the first derivative of t(b). What is i(-6)?
-8
Let q(t) = -t**3 + 5*t**2 - 3*t - 4. Let v be 845/(-26)*6/(-5). Let l = v - 35. What is q(l)?
0
Let r(t) = 37*t + 37*t + 32*t - 107*t - 23. Calculate r(-19).
-4
Let a(t) be the second derivative of t**4/12 + t**3 - 2*t**2 - 23*t. What is a(-7)?
3
Let q(b) = 410 + 7*b + 4*b**2 - 830 + 416 - 5*b**2. Let f(m) = -m + 2. Let v be f(-2). Determine q(v).
8
Let x be 0/(-3) + (0 - -1). Let c be 1*(0 - 2 - x). Let z(t) = 14 + t - 11 + 0*t. Calculate z(c).
0
Let i(q) = -6 + 20 - 2*q**2 - 15 + 0*q**2. Determine i(-1).
-3
Let p(n) = -4*n**2 + 7*n - 10. Suppose -2*t + 15 = 11. Suppose t*o - 1 = -7. Let j(w) = -5*w**2 + 7*w - 11. Let s(l) = o*j(l) + 4*p(l). What is s(6)?
-1
Let w(p) be the first derivative of p**4/4 - 2*p**2 - 5*p + 24. Give w(-2).
-5
Let f(m) = 6*m + 8*m - 3 + 8*m + m - 8*m. Determine f(1).
12
Let h = -14 - -6. Let u(c) = c**3 + 8*c**2 + 2*c + 19. Let x be u(h). Suppose 3 + x = 3*q. Let v(n) = n - 1. Determine v(q).
1
Suppose 3*q = 5*g - 34, -3*q + 5*g = q + 37. Let c = q - -11. Let r(n) = 4*n - n**3 + 5*n**2 + 0 - c*n**2 + 1. What is r(-3)?
-11
Let k(s) = -s**3 + 6*s**2 - 3*s + 9. Suppose 3*f - f - 3*z = 21, -f + 12 = -2*z. Calculate k(f).
-9
Let u(d) = 3*d - 5 - 8 + 13 - 7 - 3. Determine u(0).
-10
Let p(m) = 6*m - 70. Let l be p(11). Let a(h) = -h**3 - 4*h**2 + 7. What is a(l)?
7
Let q(h) be the first derivative of -h**2/2 + h + 3. Suppose -2*s - 36 = -4*s + 4*l, s - l = 14. Let g = s - 7. What is q(g)?
-2
Suppose -3*u = -5*u + 4. Suppose 3*d = -4*k + 12, 0*k + 3*k = d - 4. Let i be d/(-3)*(u + -5). Let s(c) = -c**3 + 5*c**2 - 7*c + 4. Give s(i).
-8
Let b(u) = -18*u - 1 - 1 + 1 + 16*u. Let w = -434 + 436. Determine b(w).
-5
Let s(a) = -a**3 - 7*a**2 + 6*a - 2. Let n = 11 + -19. Let i be s(n). Suppose -3*h = 0, 2*p - 6 = -5*h - i. Let o(b) = b**2 + 6*b + 3. Determine o(p).
-5
Let u(r) be the second derivative of r**3/6 - 5*r**2 - 3*r + 68. Determine u(6).
-4
Suppose 144 = 12*l - 28*l. Let j(q) = q**2 + 5*q + 6. Calculate j(l).
42
Let u(t) = t**2 - 7*t + 9. Suppose z = -3*z + 24. Let g be u(z). Let a(p) = 5*p - 3*p - 5 - 37 - p**2 + 46. What is a(g)?
1
Let o(a) be the third derivative of a**7/5040 + a**5/60 + 12*a**2. Let z(c) be the third derivative of o(c). Determine z(5).
5
Suppose 2*t - z = -2*t + 11, -3*t = -2*z - 2. Suppose -m + t = 5. Let b(o) = 3*o**3 - 2*o - 1. Determine b(m).
-2
Suppose 0*u - 3*u + 240 = -3*h, 5*h - 4*u + 398 = 0. Let w = 69 + h. Let b(d) = d**2 + 8*d - 12. Give b(w).
-3
Let u(x) = x**3 + 4*x**2 - 5*x - 6. Let b be u(-5). Let z be (-8)/b*(-3)/(-2). Let k(s) be the first derivative of -s**3/3 + s**2 - 2*s - 31. What is k(z)?
-2
Let h(j) = j. Suppose -15 = -n - 6. Let t(i) = -5*i + n*i + 9*i - 1. Let r(g) = 5*h(g) - t(g). Calculate r(1).
-7
Let b = 66 + -61. Let w be 1*(0 - 1)*2. Let r = b + w. Let u(m) = -m**3 + m**2 + m + 4. Determine u(r).
-11
Let h(l) = l**3 + 18*l**2 + 17*l + 29. Let k be h(-17). Let m(u) = -29*u + 4 - k*u + 57*u. Calculate m(4).
0
Let y(v) = v**3 - 3*v**2 - v + 4. Let o = -96 - -32. Let i = -61 - o. Determine y(i).
1
Let a(v) = -4*v + 12. Let d be a(5). Let b(h) = -h. Let l(g) = 10. Let o(x) = -b(x) + l(x). Give o(d).
2
Let d(z) = z**3 - 14*z**2 - 2*z + 1. Let v be d(14). Let t be 9 + 276/v - 2/(-9). Let k(b) = -3*b**3 - 2*b**2 - b. Give k(t).
2
Let v(h) be the third derivative of -h**5/30 + 11*h**4/24 - h**3/6 + 135*h**2. Calculate v(5).
4
Suppose -2*v + 16 - 6 = 0. Let h(u) = v - 2*u - 3 + 0*u. Suppose 6 = 8*t + 30. Give h(t).
8
Let z(d) be the second derivative of d**3/3 - 6*d**2 + 9*d. Let x be z(8). Let b(q) = q**3 - 4*q**2 + 4*q - 3. Give b(x).
13
Suppose -2*z + 23 + 25 = 0. Suppose -j - 4 = j - a, -j - 5*a = z. Let k be j + (4 - 2) + 3. Let y(i) = -10*i**3 + 2*i**2 - i. Give y(k).
-9
Let w(y) = y + 4. Let i be w(4). Let j(z) = 2*z - 5*z - 3 - 3*z + i*z**2 - z**3. Determine j(7).
4
Let d(y) be the second derivative of -y**5/20 + 3*y**4/4 - 5*y**3/6 - 5*y**2/2 - 125*y. Give d(8).
19
Let r(d) = -5*d - 40. Let p be r(-5). Let w(l) = -l - 8. Give w(p).
7
Let u(l) = 3*l - 4. Let w(s) = s**3 - 5*s**2 - 5*s - 3. Let z be w(6). Suppose y - z = -0*y. Calculate u(y).
5
Let l(d) = d**3 - 4*d**2 + 2*d + 2. Let f be (7/(-8) - 2/16)*-3. Determine l(f).
-1
Let i(h) = -1 + 2*h**2 - 2*h**2 + h**3 + h**2. Let g be -1*0/3 - -25. Suppose g = -5*m - 5*n, 0*m + m - 3*n = 11. Calculate i(m).
-1
Let q = 18 + -12. Suppose -5*h + 7*h + q = 0. Let v be -5 - -6 - h/3. Let w(m) = 2*m**3 - 2*m**2 - 2*m + 2. What is w(v)?
6
Let g(i) be the third derivative of i**4/24 + i**3/6 + i**2. Let j = -2043 + 2039. Calculate g(j).
-3
Let q(j) = j**2 - 14*j - 34. Let x be q(16). Let g(i) = -3*i - 1 + 5*i + 5*i**2 - 3*i**2. Give g(x).
3
Let d(y) = -2*y**2 + y + 1. Let l(j) = -j. Let m(b) = -14*b - 8. Let u(h) = 22*l(h) - 2*m(h). Let f be u(-3). Determine d(f).
-9
Let p be ((-3)/(-2))/(2/4). Suppose 3 = p*r + t + 6, -3*t + 1 = -r. Let w(y) = -13*y - 2. Let h(c) = 2*c. Let d(a) = -6*h(a) - w(a). Determine d(r).
1
Let d be 4*(-3 - (-8)/2). Let l(s) = -7*s**2 - 25*s - 17. Let y(t) = 3*t**2 + 12*t + 8. Let b(x) = d*l(x) + 9*y(x). Determine b(7).
11
Let j be 2 + (0 - (-12)/(-4) - -5). Let v(n) = n**3 - 3*n**2 - n - 1. Determine v(j).
11
Let v(z) = -z**2 - 9*z - 3. Let d(p) = 4*p**2 - 105*p + 18. Let a be d(26). Give v(a).
5
Suppose -7*d + 10*d = 9. Suppose -2*j + 5*g - 8 = d*g, -5*g + 10 = -3*j. Let s(v) = v**2 + v - 6. Determine s(j).
14
Let t(i) = i - 8. Let r(p) = 39*p**3 + p. Let d be r(1). Let h = -36 + d. What is t(h)?
-4
Let x(c) = c - 8. Let m(v) = -v**2 + 5*v - 4. Let t be m(3). Let r be 1*((-2)/t + 1). Give x(r).
-8
Let a = -62 - -68. Let y be -1*(-1 - 0/3). Let b(z) = -1 - y - 3 + 1 + z. Determine b(a).
2
Let o = 92 + -78. Let f(h) = h**3 - 7*h**2 + 3. Let l be f(7). Let i(r) = -2*r**3 - o*r + 17